 - -22. Let j be t(s). Calculate the highest common divisor of j and 13.
13
Suppose 2*w - b = 13, 2*b + 16 = 2*w + 4. What is the greatest common divisor of w and 11?
1
Let s = 27 - 3. Suppose -s + 0 = -3*f. What is the greatest common factor of 32 and f?
8
Let u = -4 - -39. Calculate the highest common factor of 49 and u.
7
Suppose -5*u + 9 = -36. Let w(y) = 6*y. Let g be w(-2). Let s be (-54)/4*16/g. What is the highest common divisor of s and u?
9
Let m be (-6)/24 - 8558/8. Let o be m/(-30) - 1/(-3). What is the greatest common factor of o and 54?
18
Let x be (-1)/(-2 + (-27)/(-14)). Suppose -18*k + 385 = 13*k - 20*k. Calculate the greatest common factor of x and k.
7
Suppose j - 5 = x, -2*x = -4*j + 3 + 13. Suppose -2*c = 5*y - 3*c - 138, 0 = 3*y + 5*c - 66. What is the highest common factor of y and j?
3
Let c = 2535 - 2148. Calculate the greatest common divisor of c and 43.
43
Let p = -92 - -65. Let l = p - -53. Calculate the highest common factor of l and 52.
26
Let k = -322 + 371. Suppose -8 - 4 = -3*a. Let z = 11 - a. What is the highest common divisor of k and z?
7
Let b = -157 - 11. Let q be (1*45)/((-36)/b). Calculate the greatest common divisor of 30 and q.
30
Suppose -148 = -5*t + 547. Let l = -51 + t. Calculate the greatest common divisor of l and 22.
22
Suppose 149*j = 145*j + 520. What is the greatest common factor of 65 and j?
65
Let s(q) = -6*q**2 - 10*q + 6. Let k(u) = 5*u**2 + 9*u - 6. Let i(o) = -7*k(o) - 6*s(o). Let p be i(6). What is the highest common divisor of 12 and p?
12
Let d = -482 + 635. Calculate the highest common divisor of 17 and d.
17
Suppose 19 = 4*u + 3, 0 = -5*j - 2*u - 247. Let a = 79 + j. What is the highest common divisor of 28 and a?
28
Suppose 3*y + 11 - 83 = 0. Let g = 33 - 48. Let n = g + y. Calculate the highest common factor of 6 and n.
3
Suppose -4 - 5 = 2*v + 3*k, 14 = 3*v - k. Let r be 8/((-2)/(-6)*1). Suppose v*f - 5*f = -r. What is the highest common divisor of 108 and f?
12
Let h = 48 - -4. Let j = 120 - h. Suppose -4*c - 18 = -3*l + 68, c - 140 = -4*l. What is the greatest common factor of j and l?
34
Suppose -256*j - 960 = -266*j. What is the greatest common divisor of 24 and j?
24
Let m be 3 + (12/(-6) - -23). What is the greatest common divisor of 3 and m?
3
Let w = -201 - -399. Suppose 2*r - 4*i - w = 0, -i - 396 = -4*r - 0*i. Calculate the highest common factor of 11 and r.
11
Let z be 36/(2 - 1) - (13 - (4 - -10)). Let y be 1 + -1 + 999/3. What is the highest common factor of z and y?
37
Let z be (2 - 3)*(-1 + 3). Let u be z/6 + (-42)/(-18). Let y be -5 - (u - 6) - -73. Calculate the highest common factor of y and 8.
8
Let k(s) = 34*s**2 + 11*s - 9. Let b be k(-3). Calculate the greatest common divisor of b and 231.
33
Let t be 16*9 + (3 - (-2 - -4)). Suppose 5*m + 4*a = -0*m + 420, 3*a + t = 2*m. Let g = 25 - 15. What is the greatest common divisor of m and g?
10
Let x = 2331 + -1786. What is the greatest common divisor of 109 and x?
109
Let f = -2 - -4. Suppose 2*m - f*r = 26, 4*m + 3*r = -r + 36. Let s be 12/(-15) - (-1218)/10. What is the highest common factor of m and s?
11
Let h be -1119*5/(-15) + (-24)/(-6). What is the highest common factor of h and 29?
29
Let r be (1 - -3) + (-18 - 134). Let n = r + 264. What is the highest common divisor of 29 and n?
29
Let s = -31 - -79. Let b(g) = g**3 - 5*g**2 - 6*g + 5. Let q be b(6). Suppose q*l + 23 = 2*k - 3, -l - 34 = -4*k. What is the greatest common factor of s and k?
8
Let u(c) = -52*c**3 - 4*c**2 + 5*c. Let g be u(-3). What is the highest common divisor of g and 33?
33
Suppose 0 = 2*k - 0*k + x - 16, 2*k - 3*x = 8. Calculate the greatest common divisor of k and 1309.
7
Suppose y + 5*n - 33 = 0, -5*y + 8*y - 4*n - 4 = 0. Calculate the greatest common factor of 6 and y.
2
Let n(b) = b**2 - 12*b + 2. Let f be n(12). Suppose -f*o = -18 - 38. Calculate the greatest common divisor of o and 35.
7
Suppose -4*i = -10 + 2. Suppose -20 = -i*z - 14. Suppose -z*s + 152 = -73. Calculate the highest common factor of 30 and s.
15
Suppose -467*y = -421*y - 506. Let n(v) = 5*v**2 + 5*v - 1. Let i be n(4). Calculate the highest common factor of y and i.
11
Let b(o) = 6*o + 2. Let q be (-12)/(-42) + 19/7. Let h be b(q). Let c be h/2*(-64)/(-4). What is the highest common factor of c and 20?
20
Let b(r) = -r**2 + 36*r - 44. Let f be b(32). What is the greatest common factor of 108 and f?
12
Suppose 4*s - 3*v - 145 = 0, 2 = 2*v - 8. Let f = 0 + 16. Calculate the highest common factor of f and s.
8
Suppose -3*f - 7*t + 36 = -3*t, -5*t = f - 23. Let x(a) = -7*a - 1. Let z be x(-1). Let q be 28/(3/z - 0). Calculate the greatest common divisor of q and f.
8
Suppose -c - 99 = -5*l + 55, 2*c - 52 = -2*l. Calculate the greatest common factor of l and 1.
1
Let b(p) = 2*p**3 + 41*p**2 + 16*p + 121. Let t be b(-19). What is the highest common factor of 18 and t?
18
Let s(t) = 21*t**2 - 6*t - 6. Let o be s(-1). Calculate the highest common factor of o and 6.
3
Let u(v) = v**2 - 5*v + 3. Let f be u(8). Let i = f + -23. Suppose i*z - 14 = 38. Calculate the highest common factor of 65 and z.
13
Let f = 72 - 12. Let v be (-47 - -2)*10/(10/(-2)). Calculate the greatest common factor of v and f.
30
Let q = 49 + -31. Suppose -5*r + 32 = -q. Calculate the greatest common divisor of 170 and r.
10
Let r(n) = 6*n**3 + 4*n**2 - 3*n + 6. Let o be r(2). What is the greatest common divisor of 128 and o?
64
Suppose -7*b - 4 - 80 = 0. Let g = b - -23. What is the highest common divisor of 1 and g?
1
Let k = -20 - -60. Suppose g - k - 114 = 0. Suppose -75*d + 73*d + 44 = 0. What is the highest common factor of d and g?
22
Let a = 26 - 42. Let q be (-8)/a*(0 + 0). Suppose q = 6*z - 16 - 2. What is the greatest common factor of z and 6?
3
Let m(z) be the second derivative of -z**5/20 - z**4/2 - 2*z**3/3 - 4*z**2 + 6*z. Let v be m(-6). What is the highest common divisor of 176 and v?
16
Let j(h) = 9*h**2 + 322*h + 26. Let q be j(-36). What is the greatest common divisor of 1274 and q?
98
Let t = 391 - 153. Calculate the greatest common divisor of t and 28.
14
Let j(t) = -t**2 - 18*t - 34. Let h be j(-15). What is the greatest common factor of 2981 and h?
11
Suppose -416*b = -431*b + 84060. Calculate the highest common factor of b and 12.
12
Let n = -191 - -192. Suppose -3*v + 3*i = -18, -4*i = 5*v - 0*i - 48. What is the greatest common divisor of n and v?
1
Let t(k) = -k**3 + 8*k**2 + 5*k - 13. Let d be t(8). Calculate the highest common divisor of d and 54.
27
Let y(m) = -m**3 - 5*m**2 + 80*m - 4. Let i be y(-12). What is the greatest common divisor of 550 and i?
22
Let k be ((-8)/(-4) + -14)/(21/(-98)). What is the greatest common factor of 64 and k?
8
Suppose -21431 + 6906 = -35*v. Calculate the highest common factor of 166 and v.
83
Suppose 13*v - 4917 = -1381. Calculate the highest common divisor of 748 and v.
68
Suppose -3*m + 158 - 350 = -2*q, -3*q - 5*m = -345. Let t = -22 + 12. Let a = t - -25. Calculate the highest common factor of a and q.
15
Let t be ((-108)/(-14))/((-39)/(-182)). Let f = -3 + t. Calculate the greatest common factor of f and 66.
33
Let a(k) = k**2 - k + 4. Let j be a(0). Let p be j/((-12)/(-9)) + 17. What is the greatest common factor of p and 30?
10
Suppose -5*l + a + 261 = 0, -29*a + 27*a - 106 = -2*l. What is the greatest common divisor of 16 and l?
4
Let a be (-789)/(-12) - -1 - 3/4. Calculate the greatest common divisor of a and 99.
33
Suppose -4*b = -3*b + 4*l - 2702, 0 = -4*b - 7*l + 10835. Calculate the highest common divisor of 46 and b.
46
Let m = -208 - -128. Let i = 82 + m. What is the greatest common divisor of 16 and i?
2
Let d = -71 - -82. Suppose -5*w + 2*s - d + 123 = 0, -87 = -4*w - s. What is the highest common factor of 22 and w?
22
Suppose -4*b - 69 = -5*b + 5*r, 2*b = -3*r + 99. Suppose 24*t = 23*t + b. Let w = -3 + 9. Calculate the highest common factor of w and t.
6
Let l(w) = 59*w - 1457. Let v be l(25). What is the highest common factor of v and 66?
6
Let k = -1692 - -2100. Calculate the greatest common divisor of 714 and k.
102
Let x be (-1398)/(-6) + 1*-1. Let k be -3 + 9/(-3) + 35. Calculate the highest common factor of k and x.
29
Let x = -55 + 65. Suppose g = x*g - 297. What is the greatest common divisor of g and 1